{"id":1495,"date":"2021-06-03T01:46:05","date_gmt":"2021-06-03T01:46:05","guid":{"rendered":"http:\/\/escuelaramiroroa.cl\/?page_id=1495"},"modified":"2025-06-24T11:40:07","modified_gmt":"2025-06-24T15:40:07","slug":"documentos-y-normativa","status":"publish","type":"page","link":"https:\/\/escuelaramiroroa.cl\/?page_id=1495","title":{"rendered":"Documentos Internos y Normativas"},"content":{"rendered":"<h4><strong>Documento Exento 182.<\/strong><\/h4>\n<p>Denomina \u00abESCUELA RAMIRO ROA GONZALEZ\u00bb a la escuela b\u00e1sica D No. 758 de Curanilahue, N\u00famero. 182 exento.- Santiago, 17 de Noviembre de 1989.<\/p>\n<p><a href=\"http:\/\/efaidnbmnnnibpcajpcglclefindmkaj\/https:\/\/escuelaramiroroa.cl\/wp-content\/uploads\/2021\/06\/Nombre-Escuela-DTO-182-EXENTO_12-DIC-1989.pdf\" target=\"_blank\" rel=\"noopener\">Dto. Exento 182<\/a><\/p>\n<p><a href=\"https:\/\/escuelaramiroroa.cl\/wp-content\/uploads\/2021\/11\/ReglamentodeConvivencia5085-actualizado-Noviembre2021.pdf\" target=\"_blank\" rel=\"noopener\">Reglamento Interno<\/a><\/p>\n<p>&nbsp;<\/p>\n<h4><strong>Decreto exento N\u00ba83\/2015.<\/strong><\/h4>\n<p style=\"text-align: justify;\">El Decreto N\u00b083 aprueba criterios y orientaciones de Adecuaci\u00f3n Curricular para Estudiantes con Necesidades Educativas Especiales de Educaci\u00f3n Parvularia y Educaci\u00f3n B\u00e1sica.<\/p>\n<p><a href=\"http:\/\/escuelaramiroroa.cl\/wp-content\/uploads\/2021\/06\/Decreto-83-2015.pdf\" target=\"_blank\" rel=\"noopener\">Decreto 83<\/a><\/p>\n<p>&nbsp;<\/p>\n<h4><strong>Consejos escolares.<\/strong><\/h4>\n<p style=\"text-align: justify;\">Est\u00e1n constituidos por representantes de los estudiantes, padres y apoderados, asistentes de la educaci\u00f3n, docentes, directivos y sostenedor. Su conformaci\u00f3n est\u00e1 fundada en la\u00a0Ley General de Educaci\u00f3n N\u00b0 20.370.\u00a0Recuerda que desde 6\u00b0 a\u00f1o b\u00e1sico los alumnos pueden crear su centro de estudiantes.<br \/>\nLa participaci\u00f3n de los miembros de la comunidad educativa contribuye al proceso de ense\u00f1anza de cada colegio. Es por eso que mientras el Sistema Nacional de Aseguramiento de la Calidad de la Educaci\u00f3n Escolar promueve la participaci\u00f3n y formaci\u00f3n ciudadana para trabajar aspectos que van m\u00e1s all\u00e1 del conocimiento acad\u00e9mico, el Ministerio de Educaci\u00f3n entrega recursos a trav\u00e9s del Fondo de Apoyo a la Educaci\u00f3n P\u00fablica (FAEP).<\/p>\n<p><a href=\"http:\/\/escuelaramiroroa.cl\/wp-content\/uploads\/2021\/06\/DECRETO-19-REGLAMENTA-CONSEJOS-ESCOLARES.pdf\" target=\"_blank\" rel=\"noopener\">Consejos Escolares<\/a><\/p>\n<p>&nbsp;<\/p>\n<h4><strong>Protocolo de los accidentes escolares.<\/strong><\/h4>\n<p style=\"text-align: justify;\">La escuela \u00abRamiro Roa G.\u00bb tiene como funci\u00f3n sistematizar una serie de acciones determinadas ante un accidente. Todo estudiante debe ser registrado en la Declaraci\u00f3n Individual de Accidente Escolar.<\/p>\n<p><a href=\"http:\/\/escuelaramiroroa.cl\/wp-content\/uploads\/2021\/06\/AccidenteEscolar.pdf\" target=\"_blank\" rel=\"noopener\">Accidente Escolar<\/a><\/p>\n<p>&nbsp;<\/p>\n<h4><strong>Protocolo visitas de estudio.<\/strong><\/h4>\n<p style=\"text-align: justify;\">Como una manera de generar igualdad de oportunidades se contemplan visitas de estudio como una estrategia que permite equiparar conductas de entrada, ampliar sus mundos con experiencias motivadoras que empalmen con los objetivos de aprendizajes del nivel y como una forma de estimularlos a partir de peque\u00f1os desaf\u00edos y el logro de metas en rendimiento y convivencia.<\/p>\n<p><a href=\"http:\/\/escuelaramiroroa.cl\/wp-content\/uploads\/2021\/06\/VisitasdeEstudio.pdf\" target=\"_blank\" rel=\"noopener\">Visitas de Estudios<\/a><\/p>\n<p>&nbsp;<\/p>\n<h4><strong>Protocolo de acci\u00f3n accidentes escolares en visita de estudio.<\/strong><\/h4>\n<p style=\"text-align: justify;\">La escuela potencia y valora las visitas de estudio por considerarlas una estrategia de gran importancia y significaci\u00f3n en la formaci\u00f3n integral de los alumnos que iguala oportunidades e impacta directamente en los aprendizajes. Una cantidad creciente de estudiantes y profesores hacen uso de esta estrategia lo que hace necesario prevenir y determinar accidentes escolares durante estas visitas de estudio.<\/p>\n<p><a href=\"http:\/\/escuelaramiroroa.cl\/wp-content\/uploads\/2021\/06\/AccidenteEnVisitasEstudio.pdf\" target=\"_blank\" rel=\"noopener\">\u00a0Accidentes Escolares en Visitas de Estudio<\/a><\/p>\n<p>&nbsp;<\/p>\n<h4><strong>Protocolo maltrato psicol\u00f3gico y\/o f\u00edsico entre pares.<\/strong><\/h4>\n<p style=\"text-align: justify;\">La Escuela \u00abRamiro Roa Gonz\u00e1lez\u00bb es un establecimiento que busca el desarrollo integral de sus alumnos, junto a una buena relaci\u00f3n con la comunidad educativa. Adem\u00e1s posee una buena vinculaci\u00f3n con el medio en que se encuentra inmersa.<\/p>\n<p><a href=\"http:\/\/escuelaramiroroa.cl\/wp-content\/uploads\/2021\/06\/Maltrato-Spicologico.pdf\" target=\"_blank\" rel=\"noopener\">Protocolo maltrato psicol\u00f3gico y\/o f\u00edsico<\/a><\/p>\n<p>&nbsp;<\/p>\n<h4><strong>Protocolo en caso de acoso escolar o bullying.<\/strong><\/h4>\n<p style=\"text-align: justify;\">El Ministerio de Educaci\u00f3n define como Bullying: Acosar, molestar, hostigar, obstaculizar y agredir f\u00edsicamente a alguien. Es un continuo y deliberado maltrato maltrato verbal o moral que recibe un ni\u00f1o o ni\u00f1a por parte de otro u otros, que se comportan con el o ella cruelmente con el objetivo de someter, arrinconar, amenazar, intimidar u obtener algo de la victima.<\/p>\n<p><a href=\"http:\/\/escuelaramiroroa.cl\/wp-content\/uploads\/2021\/06\/AcosoEscolar-Bulling.pdf\" target=\"_blank\" rel=\"noopener\">\u00a0Protocolo en caso de acoso escolar<\/a><\/p>\n<p>&nbsp;<\/p>\n<h4><strong>Protocolo en caso de abuso sexual infantil.<\/strong><\/h4>\n<p style=\"text-align: justify;\">Se entiende por abuso sexual infantil cualquier tipo de actividad sexual que realiza un adulto con un ni\u00f1o, ni\u00f1a o adolescente, realizada por la fuerza, con enga\u00f1o o mediante la seducci\u00f3n con o sin consentimiento del menor.<\/p>\n<p><a href=\"http:\/\/escuelaramiroroa.cl\/wp-content\/uploads\/2021\/06\/AbusoSexual.pdf\" target=\"_blank\" rel=\"noopener\">\u00a0Protocolo en caso de abuso sexual<\/a><\/p>\n<p>&nbsp;<\/p>\n<h4><strong>Protocolo en situaci\u00f3n de embarazo, maternidad y paternidad de un estudiante.<\/strong><\/h4>\n<p style=\"text-align: justify;\">La escuela es un establecimiento que busca seguir manteniendo el compromiso con sus estudiantes y comunidad educativa la cual la han caracterizado a lo largo de los a\u00f1os. Es por eso que el siguiente protocolo tiene como objetivo dar orientaciones claras a nuestros estudiantes que est\u00e1n viviendo el embarazo, maternidad y\/o paternidad. Adem\u00e1s brindar el apoyo a los estudiantes para que realicen su proceso de ense\u00f1anza y aprendizaje sin dificultades.<\/p>\n<p><a href=\"http:\/\/escuelaramiroroa.cl\/wp-content\/uploads\/2021\/06\/EmbarazoEscolar.pdf\" target=\"_blank\" rel=\"noopener\">Protocolo en situaci\u00f3n de embarazo\u00a0<\/a><a target=\"_blank\" rel=\"noopener\"><br \/>\n<\/a><\/p>\n","protected":false},"excerpt":{"rendered":"<p>Documento Exento 182. Denomina \u00abESCUELA RAMIRO ROA GONZALEZ\u00bb a la escuela b\u00e1sica D No. 758 de Curanilahue, N\u00famero. 182 exento.- Santiago, 17 de Noviembre de 1989. Dto. Exento 182 Reglamento Interno &nbsp; Decreto exento N\u00ba83\/2015. El Decreto N\u00b083 aprueba criterios y orientaciones de Adecuaci\u00f3n Curricular para Estudiantes con Necesidades Educativas Especiales de Educaci\u00f3n Parvularia y [&hellip;]<\/p>\n","protected":false},"author":1,"featured_media":0,"parent":0,"menu_order":0,"comment_status":"closed","ping_status":"closed","template":"","meta":[],"_links":{"self":[{"href":"https:\/\/escuelaramiroroa.cl\/index.php?rest_route=\/wp\/v2\/pages\/1495"}],"collection":[{"href":"https:\/\/escuelaramiroroa.cl\/index.php?rest_route=\/wp\/v2\/pages"}],"about":[{"href":"https:\/\/escuelaramiroroa.cl\/index.php?rest_route=\/wp\/v2\/types\/page"}],"author":[{"embeddable":true,"href":"https:\/\/escuelaramiroroa.cl\/index.php?rest_route=\/wp\/v2\/users\/1"}],"replies":[{"embeddable":true,"href":"https:\/\/escuelaramiroroa.cl\/index.php?rest_route=%2Fwp%2Fv2%2Fcomments&post=1495"}],"version-history":[{"count":32,"href":"https:\/\/escuelaramiroroa.cl\/index.php?rest_route=\/wp\/v2\/pages\/1495\/revisions"}],"predecessor-version":[{"id":3934,"href":"https:\/\/escuelaramiroroa.cl\/index.php?rest_route=\/wp\/v2\/pages\/1495\/revisions\/3934"}],"wp:attachment":[{"href":"https:\/\/escuelaramiroroa.cl\/index.php?rest_route=%2Fwp%2Fv2%2Fmedia&parent=1495"}],"curies":[{"name":"wp","href":"https:\/\/api.w.org\/{rel}","templated":true}]}}