{"id":3193,"date":"2021-10-04T18:44:29","date_gmt":"2021-10-04T18:44:29","guid":{"rendered":"https:\/\/escuelaramiroroa.cl\/?page_id=3193"},"modified":"2025-08-19T12:21:32","modified_gmt":"2025-08-19T16:21:32","slug":"programa-de-integracion-escolar-pie","status":"publish","type":"page","link":"https:\/\/escuelaramiroroa.cl\/?page_id=3193","title":{"rendered":"Programa de Integraci\u00f3n Escolar (PIE)"},"content":{"rendered":"<p style=\"text-align: justify;\">El PIE es una estrategia inclusiva del sistema educacional, que tiene el prop\u00f3sito de contribuir al mejoramiento continuo de la calidad de la educaci\u00f3n, favoreciendo los aprendizajes en la sala de clases y la participaci\u00f3n de todos y cada uno de los estudiantes, especialmente de aquellos que presentan Necesidades Educativas Especiales (NEE).<\/p>\n<p style=\"text-align: justify;\">El Programa de Integraci\u00f3n Escolar se constituye en un conjunto de recursos y apoyos para los establecimientos educacionales, que en el aula se traducen en estrategias pedag\u00f3gicas diversificadas, recursos humanos especializados, capacitaci\u00f3n para los docentes y materiales educativos pertinentes a las necesidades de los estudiantes<\/p>\n<p style=\"text-align: justify;\">Todos estos apoyos deben estar centrados en los procesos de ense\u00f1anza y aprendizaje, en el marco de las bases curriculares y de la flexibilidad y diversificaci\u00f3n de la ense\u00f1anza, que algunos estudiantes pudieran requerir durante su trayectoria escolar.<\/p>\n<p>&nbsp;<\/p>\n<p style=\"text-align: justify;\"><strong>Orientaciones t\u00e9cnicas de apoyo al funcionamiento del PIE:<\/strong><\/p>\n<p style=\"text-align: justify;\">El Ministerio de Educaci\u00f3n entrega orientaciones para una gesti\u00f3n curricular que permita una adecuada implementaci\u00f3n de la pol\u00edtica PIE, a trav\u00e9s de documentaci\u00f3n t\u00e9cnica, ejemplos de acciones para integrar el PIE al Plan de Mejoramiento Educativo, entre otros.<\/p>\n<p>&nbsp;<\/p>\n<p class=\"panel-title\" style=\"text-align: justify;\"><strong>Fortalecimiento del trabajo colaborativo e interdisciplinario:<\/strong><\/p>\n<p style=\"text-align: justify;\">Favorece procesos inclusivos con la participaci\u00f3n de diferentes profesionales en la escuela, como parte de los equipos de aula de cada curso (docentes, profesionales asistentes de la educaci\u00f3n, entre otros), a trav\u00e9s del desarrollo de jornadas-taller regionales para el trabajo colaborativo y la co-ense\u00f1anza y de recursos audiovisuales de apoyo, a disposici\u00f3n en el\u00a0<a href=\"https:\/\/especial.mineduc.cl\/implementacion-dcto-supr-no170\/recursos-audiovisuales-apoyo\/\">sitio web<\/a>\u00a0de educaci\u00f3n especial.<\/p>\n<p>&nbsp;<\/p>\n<p class=\"panel-title\" style=\"text-align: justify;\"><strong>Promoci\u00f3n de experiencias inclusivas en el marco del PIE:<\/strong><\/p>\n<p style=\"text-align: justify;\">Busca identificar y difundir experiencias de establecimientos que han avanzado en un trabajo colaborativo para una adecuada implementaci\u00f3n del Programa de Integraci\u00f3n Escolar, y en estrategias de fortalecimiento de una educaci\u00f3n inclusiva involucrando a toda la comunidad educativa.<\/p>\n","protected":false},"excerpt":{"rendered":"<p>El PIE es una estrategia inclusiva del sistema educacional, que tiene el prop\u00f3sito de contribuir al mejoramiento continuo de la calidad de la educaci\u00f3n, favoreciendo los aprendizajes en la sala de clases y la participaci\u00f3n de todos y cada uno de los estudiantes, especialmente de aquellos que presentan Necesidades Educativas Especiales (NEE). El Programa de [&hellip;]<\/p>\n","protected":false},"author":1,"featured_media":4027,"parent":0,"menu_order":0,"comment_status":"closed","ping_status":"closed","template":"","meta":[],"_links":{"self":[{"href":"https:\/\/escuelaramiroroa.cl\/index.php?rest_route=\/wp\/v2\/pages\/3193"}],"collection":[{"href":"https:\/\/escuelaramiroroa.cl\/index.php?rest_route=\/wp\/v2\/pages"}],"about":[{"href":"https:\/\/escuelaramiroroa.cl\/index.php?rest_route=\/wp\/v2\/types\/page"}],"author":[{"embeddable":true,"href":"https:\/\/escuelaramiroroa.cl\/index.php?rest_route=\/wp\/v2\/users\/1"}],"replies":[{"embeddable":true,"href":"https:\/\/escuelaramiroroa.cl\/index.php?rest_route=%2Fwp%2Fv2%2Fcomments&post=3193"}],"version-history":[{"count":11,"href":"https:\/\/escuelaramiroroa.cl\/index.php?rest_route=\/wp\/v2\/pages\/3193\/revisions"}],"predecessor-version":[{"id":3891,"href":"https:\/\/escuelaramiroroa.cl\/index.php?rest_route=\/wp\/v2\/pages\/3193\/revisions\/3891"}],"wp:featuredmedia":[{"embeddable":true,"href":"https:\/\/escuelaramiroroa.cl\/index.php?rest_route=\/wp\/v2\/media\/4027"}],"wp:attachment":[{"href":"https:\/\/escuelaramiroroa.cl\/index.php?rest_route=%2Fwp%2Fv2%2Fmedia&parent=3193"}],"curies":[{"name":"wp","href":"https:\/\/api.w.org\/{rel}","templated":true}]}}