{"id":3749,"date":"2025-06-17T12:21:50","date_gmt":"2025-06-17T16:21:50","guid":{"rendered":"https:\/\/escuelaramiroroa.cl\/?page_id=3749"},"modified":"2025-08-08T11:36:41","modified_gmt":"2025-08-08T15:36:41","slug":"mision-vision-valores","status":"publish","type":"page","link":"https:\/\/escuelaramiroroa.cl\/?page_id=3749","title":{"rendered":"Misi\u00f3n, Visi\u00f3n, Valores"},"content":{"rendered":"<p>Nuestra escuela es una instituci\u00f3n educativa con una rica historia y un gran legado en la comunidad de Curanilahue. Su compromiso con la educaci\u00f3n p\u00fablica y el desarrollo integral de sus estudiantes la convierten en una instituci\u00f3n de altas expectativa.<\/p>\n<p>&nbsp;<\/p>\n<p><strong>VALORES<\/strong><\/p>\n<p>Fomentar en nuestros estudiantes el desarrollo de la autonom\u00eda, solidaridad, responsabilidad y respeto con su entorno social, cultural y ambiental. Propiciando un ambiente acogedor, inclusivo, valorando la diversidad y el v\u00ednculo familia-escuela.<\/p>\n<p>&nbsp;<\/p>\n<p><strong>MISI\u00d3N<\/strong><\/p>\n<p>Desarrollar en las y los estudiantes aprendizaje integral, que promueva la autonom\u00eda, buen trato, participaci\u00f3n, liderazgo y excelencia para enfrentar los desaf\u00edos del presente y futuro.<\/p>\n<p>&nbsp;<\/p>\n<p><strong>VISI\u00d3N<\/strong><\/p>\n<p>Ser una escuela innovadora en el desarrollo de aprendizajes para la vida de todas y todos sus estudiantes, comprometida con su entorno social, cultural y natural.<\/p>\n","protected":false},"excerpt":{"rendered":"<p>Nuestra escuela es una instituci\u00f3n educativa con una rica historia y un gran legado en la comunidad de Curanilahue. Su compromiso con la educaci\u00f3n p\u00fablica y el desarrollo integral de sus estudiantes la convierten en una instituci\u00f3n de altas expectativa. &nbsp; VALORES Fomentar en nuestros estudiantes el desarrollo de la autonom\u00eda, solidaridad, responsabilidad y respeto [&hellip;]<\/p>\n","protected":false},"author":1,"featured_media":0,"parent":0,"menu_order":0,"comment_status":"closed","ping_status":"closed","template":"","meta":[],"_links":{"self":[{"href":"https:\/\/escuelaramiroroa.cl\/index.php?rest_route=\/wp\/v2\/pages\/3749"}],"collection":[{"href":"https:\/\/escuelaramiroroa.cl\/index.php?rest_route=\/wp\/v2\/pages"}],"about":[{"href":"https:\/\/escuelaramiroroa.cl\/index.php?rest_route=\/wp\/v2\/types\/page"}],"author":[{"embeddable":true,"href":"https:\/\/escuelaramiroroa.cl\/index.php?rest_route=\/wp\/v2\/users\/1"}],"replies":[{"embeddable":true,"href":"https:\/\/escuelaramiroroa.cl\/index.php?rest_route=%2Fwp%2Fv2%2Fcomments&post=3749"}],"version-history":[{"count":4,"href":"https:\/\/escuelaramiroroa.cl\/index.php?rest_route=\/wp\/v2\/pages\/3749\/revisions"}],"predecessor-version":[{"id":4010,"href":"https:\/\/escuelaramiroroa.cl\/index.php?rest_route=\/wp\/v2\/pages\/3749\/revisions\/4010"}],"wp:attachment":[{"href":"https:\/\/escuelaramiroroa.cl\/index.php?rest_route=%2Fwp%2Fv2%2Fmedia&parent=3749"}],"curies":[{"name":"wp","href":"https:\/\/api.w.org\/{rel}","templated":true}]}}